{"id":33,"date":"2023-10-18T14:45:19","date_gmt":"2023-10-18T12:45:19","guid":{"rendered":"https:\/\/www.preiswertplotten.de\/?page_id=33"},"modified":"2025-07-20T22:44:51","modified_gmt":"2025-07-20T20:44:51","slug":"impressum","status":"publish","type":"page","link":"https:\/\/www.preiswertplotten.de\/index.php\/impressum\/","title":{"rendered":"Impressum"},"content":{"rendered":"\r\n<p><a href=\"http:\/\/www.preiswertplotten.de\"><strong>www.preiswertplotten.de<\/strong><\/a><\/p>\r\n<p>Online-Plotdienst von ReproGraf Leipzig<br \/>Riemannstr. 29<br \/>04107 Leipzig<br \/>Deutschland<\/p>\r\n\r\n\r\n\r\n<p>Gerichtsstand: Leipzig<br \/>Ust.-Id: DE 195792413<br \/>Telefon: (03 41) 14 99 04 46<br \/>E-Mail: <strong><a href=\"mailto:info@preiswertplotten.de\">info@preiswertplotten.de<\/a><\/strong><\/p>\r\n\r\n\r\n\r\n<p><strong>Verbraucher\u00adstreit\u00adbeilegung<\/strong><\/p>\r\n<p>Wir sind nicht bereit oder verpflichtet, an Streitbeilegungsverfahren vor einer Verbraucherschlichtungsstelle teilzunehmen.<\/p>\r\n<p><strong>Inhaber<\/strong>: Stefan Schramm<\/p>\r\n\r\n\r\n\r\n<p><strong>Inhaltlich Verantwortlicher<\/strong>: Stefan Schramm<\/p>\r\n\r\n\r\n\r\n<p><strong>Webdesign:<\/strong> InternetAgentur LAKROS<br \/><strong><a href=\"https:\/\/www.lakros.de\">www.lakros.de<\/a><\/strong><\/p>\r\n\r\n\r\n\r\n<p><strong>Haftungshinweis<\/strong>: Trotz sorgf\u00e4ltiger inhaltlicher Kontrolle \u00fcbernehmen wir keine Haftung f\u00fcr die Inhalte externer Links. F\u00fcr den Inhalt der verlinkten Seiten sind ausschlie\u00dflich die Betreiber verantwortlich.<\/p>\r\n","protected":false},"excerpt":{"rendered":"<p>www.preiswertplotten.de Online-Plotdienst von ReproGraf LeipzigRiemannstr. 2904107 LeipzigDeutschland Gerichtsstand: LeipzigUst.-Id: DE 195792413Telefon: (03 41) 14 99 04 46E-Mail: info@preiswertplotten.de Verbraucher\u00adstreit\u00adbeilegung Wir sind nicht bereit oder verpflichtet, an Streitbeilegungsverfahren vor einer Verbraucherschlichtungsstelle teilzunehmen. Inhaber: Stefan Schramm Inhaltlich Verantwortlicher: Stefan Schramm Webdesign: InternetAgentur LAKROSwww.lakros.de Haftungshinweis: Trotz sorgf\u00e4ltiger inhaltlicher Kontrolle \u00fcbernehmen wir keine Haftung f\u00fcr die Inhalte externer Links. <a class=\"more-link\" href=\"https:\/\/www.preiswertplotten.de\/index.php\/impressum\/\">weiterlesen&#8230;<\/a><\/p>\n","protected":false},"author":1,"featured_media":0,"parent":0,"menu_order":0,"comment_status":"closed","ping_status":"closed","template":"","meta":{"footnotes":""},"class_list":["post-33","page","type-page","status-publish","hentry"],"_links":{"self":[{"href":"https:\/\/www.preiswertplotten.de\/index.php\/wp-json\/wp\/v2\/pages\/33","targetHints":{"allow":["GET"]}}],"collection":[{"href":"https:\/\/www.preiswertplotten.de\/index.php\/wp-json\/wp\/v2\/pages"}],"about":[{"href":"https:\/\/www.preiswertplotten.de\/index.php\/wp-json\/wp\/v2\/types\/page"}],"author":[{"embeddable":true,"href":"https:\/\/www.preiswertplotten.de\/index.php\/wp-json\/wp\/v2\/users\/1"}],"replies":[{"embeddable":true,"href":"https:\/\/www.preiswertplotten.de\/index.php\/wp-json\/wp\/v2\/comments?post=33"}],"version-history":[{"count":4,"href":"https:\/\/www.preiswertplotten.de\/index.php\/wp-json\/wp\/v2\/pages\/33\/revisions"}],"predecessor-version":[{"id":259,"href":"https:\/\/www.preiswertplotten.de\/index.php\/wp-json\/wp\/v2\/pages\/33\/revisions\/259"}],"wp:attachment":[{"href":"https:\/\/www.preiswertplotten.de\/index.php\/wp-json\/wp\/v2\/media?parent=33"}],"curies":[{"name":"wp","href":"https:\/\/api.w.org\/{rel}","templated":true}]}}