{"id":31,"date":"2023-10-18T14:44:43","date_gmt":"2023-10-18T12:44:43","guid":{"rendered":"https:\/\/www.preiswertplotten.de\/?page_id=31"},"modified":"2023-12-07T02:11:22","modified_gmt":"2023-12-07T01:11:22","slug":"allgemeine-geschaeftsbedingungen","status":"publish","type":"page","link":"https:\/\/www.preiswertplotten.de\/index.php\/allgemeine-geschaeftsbedingungen\/","title":{"rendered":"AGB"},"content":{"rendered":"\r\n<p><a href=\"https:\/\/www.preiswertplotten.de\">www.preiswertplotten.de<\/a><br \/>Online-Plotdienst von ReproGraf Leipzig<br \/>Riemannstr. 29 \u00b7 04107 Leipzig<\/p>\r\n\r\n\r\n\r\n<p>Inhaber: Stefan Schramm<br \/>Gerichtsstand: Leipzig<br \/>Ust.-Id-Nr.: DE 195792413<\/p>\r\n\r\n\r\n\r\n<p><strong>\u00a7 1 Geltungsbereich<\/strong><br \/>F\u00fcr die Gesch\u00e4ftsbeziehung zwischen ReproGraf Leipzig und dem Besteller gelten ausschlie\u00dflich die nachfolgenden Allgemeinen Gesch\u00e4ftsbedingungen in der zum Zeitpunkt der Bestellung im Internet vorliegenden Fassung. Die AGB k\u00f6nnen f\u00fcr den Zweck der Bestellung gespeichert und\/oder ausgedruckt werden.<\/p>\r\n\r\n\r\n\r\n<p><strong>\u00a7 2 Vertragsabschluss<\/strong><br \/>Der Kunde bestellt per Mail oder per Telefon Druckwaren bei ReproGraf Leipzig und liefert die ben\u00f6tigten Daten. Der Vertrag wird durch die Zusendung der Druckdateien rechtskr\u00e4ftig geschlossen und kann nicht widerufen werden. ReproGraf Leipzig verpflichtet sich zur Ausf\u00fchrung der Bestellung zu den Bedingungen der Website.<\/p>\r\n\r\n\r\n\r\n<p><strong>\u00a7 3 Nichtdurchf\u00fchrung des Angebots<\/strong><br \/>Bei Schreib- und Rechenfehlern sowie Irrt\u00fcmern in der Website ist ReproGraf Leipzig nicht zur Annahme des Angebots und zur Durchf\u00fchrung des Auftrags verpflichtet.<\/p>\r\n\r\n\r\n\r\n<p><strong>\u00a7 4 Belieferung<\/strong><br \/>Es gibt keinen Mindestbestellwert. Die Auslieferung erfolgt \u00fcber die Deutsche Post AG bzw. andere Paketdienste in der Regel innerhalb von 2 Werktagen. Wir berechnen Ihnen diese Versandkosten 1:1, d.h. es erfolgt kein Aufpreis.<\/p>\r\n\r\n\r\n\r\n<p>Bei Ausf\u00fchrung der Bestellung geht die Gefahr f\u00fcr die bestellten Druckwaren mit Abgang aus unseren Gesch\u00e4ftsr\u00e4umen auf den Empf\u00e4nger \u00fcber. Dies gilt auch bei Transportverz\u00f6gerungen und Besch\u00e4digung der Ware.Es gelten die AGB der entsprechenden Transportunternehmen.<\/p>\r\n\r\n\r\n\r\n<p><strong>\u00a7 5 Zahlung<\/strong><br \/>Mit der Absendung der bestellten Ware wird der Kaufpreis f\u00e4llig. Es gelten die Preise zum Zeitpunkt der Bestellung. Alle Preise sind Nettopreise zzgl. der gesetzlichen Mehrwertsteuer. Der Besteller bezahlt auf Rechnung. Bei Bestellungen mit sehr hohen Auftragswerten oder Neu- bzw. Privatkunden behalten wir uns vor, diese nur gegen Nachnahme oder Vorkasse per Paypal auszuliefern. Wird die Rechnungssumme nicht 30 Tage nach Rechnungserhalt bezahlt, tritt Zahlungsverzug ein, ohne dass es einer Mahnung bedarf. Im Verzugsfall ist ReproGraf Leipzig berechtigt, Verzugszinsen in H\u00f6he von 5 % zu berechnen.<\/p>\r\n\r\n\r\n\r\n<p><strong>\u00a7 6 Aufrechnung<\/strong><br \/>Der Besteller hat nur dann das Recht zur Aufrechnung, wenn seine Gegenanspr\u00fcche rechtskr\u00e4ftig festgestellt oder von ReproGraf Leipzig ausdr\u00fccklich schriftlich anerkannt sind.<\/p>\r\n\r\n\r\n\r\n<p><strong>\u00a7 7 Eigentumsvorbehalt<\/strong><br \/>Die an den Besteller gelieferte Ware ist bis zur vollst\u00e4ndigen Begleichung aller gegen den Besteller bestehenden Anspr\u00fcche Eigentum von ReproGraf Leipzig. F\u00fcr den Fall der Weitergabe der Ware gilt ein verl\u00e4ngerter Eigentums\u00advorbehalt als vereinbart.<\/p>\r\n\r\n\r\n\r\n<p><strong>\u00a7 8 Gew\u00e4hrleistung<\/strong><br \/>Der Besteller hat M\u00e4ngel an der gelieferten Druckware unverz\u00fcglich geltend zu machen. Bei berechtigten M\u00e4ngelr\u00fcgen, die ReproGraf Leipzig innerhalb von acht Tagen nach Auslieferung der Ware angezeigt werden, hat dieser zugleich schriftlich mitzuteilen, von welchem Recht nach \u00a7 437 BGB n.F. er Gebrauch machen will. F\u00fcr den Fall der Nichtaus\u00fcbung des Wahlrechtes erfolgt dieses durch ReproGraf Leipzig. ReproGraf Leipzig ist jedoch nur verpflichtet, den Verpflichtungen aus \u00a7 437 ff. BGB n.F. nachzukommen, sofern der Besteller zuvor die bem\u00e4ngelte Ware vollst\u00e4ndig zur\u00fcckgesandt hat.<\/p>\r\n\r\n\r\n\r\n<p>ReproGraf Leipzig haftet nur f\u00fcr Sch\u00e4den an der Ware selbst. Weitergehende Anspr\u00fcche des Bestellers \u2013 gleich aus welchem Rechtsgrund \u2013 sind ausgeschlossen. Bei Fehlen einer wichtigen zugesicherten Eigenschaft oder bei Vorsatz oder grober Fahrl\u00e4ssigkeit auf Seiten von ReproGraf Leipzig gilt die vorgenannte Haftungsbeschr\u00e4nkung nicht. Eine Haftung f\u00fcr Mangelfolgesch\u00e4den ist ausgeschlossen.<\/p>\r\n\r\n\r\n\r\n<p>Die Verj\u00e4hrungsfrist f\u00fcr gesetzliche Gew\u00e4hrleistungsanspr\u00fcche betr\u00e4gt 2 Jahre.<\/p>\r\n\r\n\r\n\r\n<p><strong>\u00a7 9 Datenschutz<\/strong><br \/>Dem Besteller ist bekannt und er willigt darin ein, dass seine f\u00fcr die Auftrags- und Bestellabwicklung notwendigen pers\u00f6nlichen Daten auf Datentr\u00e4gern gespeichert werden. Er stimmt der Erhebung, Verarbeitung und Nutzung seiner personenbezogenen Daten ausdr\u00fccklich zu. Dem Besteller steht das Recht zu, diese Einwilligung jederzeit mit Wirkung f\u00fcr die Zukunft zu widerrufen. ReproGraf Leipzig verpflichtet sich f\u00fcr den Fall zur sofortigen L\u00f6schung der pers\u00f6nlichen Daten, es sei denn, ein Auftrag ist noch nicht vollst\u00e4ndig abgewickelt.<\/p>\r\n\r\n\r\n\r\n<p><strong>\u00a7 10 Gerichtsstand und anwendbares Recht<\/strong><br \/>Bei Meinungsverschiedenheiten und Rechtsstreitigkeiten gilt ausschlie\u00dflich deutsches Recht. Soweit zul\u00e4ssig, wird f\u00fcr alle Anspr\u00fcche aus der Gesch\u00e4ftsbeziehung der Gerichtsstand am Sitz von ReproGraf Leipzig vereinbart.<\/p>\r\n","protected":false},"excerpt":{"rendered":"<p>www.preiswertplotten.deOnline-Plotdienst von ReproGraf LeipzigRiemannstr. 29 \u00b7 04107 Leipzig Inhaber: Stefan SchrammGerichtsstand: LeipzigUst.-Id-Nr.: DE 195792413 \u00a7 1 GeltungsbereichF\u00fcr die Gesch\u00e4ftsbeziehung zwischen ReproGraf Leipzig und dem Besteller gelten ausschlie\u00dflich die nachfolgenden Allgemeinen Gesch\u00e4ftsbedingungen in der zum Zeitpunkt der Bestellung im Internet vorliegenden Fassung. Die AGB k\u00f6nnen f\u00fcr den Zweck der Bestellung gespeichert und\/oder ausgedruckt werden. \u00a7 2 <a class=\"more-link\" href=\"https:\/\/www.preiswertplotten.de\/index.php\/allgemeine-geschaeftsbedingungen\/\">weiterlesen&#8230;<\/a><\/p>\n","protected":false},"author":1,"featured_media":0,"parent":0,"menu_order":0,"comment_status":"closed","ping_status":"closed","template":"","meta":{"footnotes":""},"class_list":["post-31","page","type-page","status-publish","hentry"],"_links":{"self":[{"href":"https:\/\/www.preiswertplotten.de\/index.php\/wp-json\/wp\/v2\/pages\/31","targetHints":{"allow":["GET"]}}],"collection":[{"href":"https:\/\/www.preiswertplotten.de\/index.php\/wp-json\/wp\/v2\/pages"}],"about":[{"href":"https:\/\/www.preiswertplotten.de\/index.php\/wp-json\/wp\/v2\/types\/page"}],"author":[{"embeddable":true,"href":"https:\/\/www.preiswertplotten.de\/index.php\/wp-json\/wp\/v2\/users\/1"}],"replies":[{"embeddable":true,"href":"https:\/\/www.preiswertplotten.de\/index.php\/wp-json\/wp\/v2\/comments?post=31"}],"version-history":[{"count":3,"href":"https:\/\/www.preiswertplotten.de\/index.php\/wp-json\/wp\/v2\/pages\/31\/revisions"}],"predecessor-version":[{"id":123,"href":"https:\/\/www.preiswertplotten.de\/index.php\/wp-json\/wp\/v2\/pages\/31\/revisions\/123"}],"wp:attachment":[{"href":"https:\/\/www.preiswertplotten.de\/index.php\/wp-json\/wp\/v2\/media?parent=31"}],"curies":[{"name":"wp","href":"https:\/\/api.w.org\/{rel}","templated":true}]}}