{"id":3,"date":"2023-10-18T14:24:07","date_gmt":"2023-10-18T12:24:07","guid":{"rendered":"https:\/\/www.preiswertplotten.de\/?page_id=3"},"modified":"2024-02-01T12:58:56","modified_gmt":"2024-02-01T11:58:56","slug":"datenschutzerklaerung","status":"publish","type":"page","link":"https:\/\/www.preiswertplotten.de\/index.php\/datenschutzerklaerung\/","title":{"rendered":"Datenschutzerkl\u00e4rung"},"content":{"rendered":"<p>Verantwortliche Stelle im Sinne der Datenschutzgesetze, insbesondere der EU-Datenschutzgrundverordnung (DSGVO), ist:<\/p>\n<p>Online-Plotdienst von ReproGraf Leipzig<br \/>\nRiemannstr. 29<br \/>\n04107 Leipzig<br \/>\nDeutschland<\/p>\n<p>Telefon: (03 41) 14 99 04 46<br \/>\nE-Mail: <span id=\"cloake2df96d4ab63fce4037197cc8d9d9005\"><span id=\"cloak46d67b859afab8954282ed989dde12ae\"><a href=\"mailto:info@preiswertplotten.de\"><strong>info@preiswertplotten.de<\/strong><\/a><\/span><script type=\"text\/javascript\"><br \/>\n\t\t\t\tdocument.getElementById('cloak46d67b859afab8954282ed989dde12ae').innerHTML = '';<br \/>\n\t\t\t\tvar prefix = '&#109;a' + 'i&#108;' + '&#116;o';<br \/>\n\t\t\t\tvar path = 'hr' + 'ef' + '=';<br \/>\n\t\t\t\tvar addy46d67b859afab8954282ed989dde12ae = '&#105;nf&#111;' + '&#64;';<br \/>\n\t\t\t\taddy46d67b859afab8954282ed989dde12ae = addy46d67b859afab8954282ed989dde12ae + 'pr&#101;&#105;sw&#101;rtpl&#111;tt&#101;n' + '&#46;' + 'd&#101;';<br \/>\n\t\t\t\tvar addy_text46d67b859afab8954282ed989dde12ae = '&#105;nf&#111;' + '&#64;' + 'pr&#101;&#105;sw&#101;rtpl&#111;tt&#101;n' + '&#46;' + 'd&#101;';document.getElementById('cloak46d67b859afab8954282ed989dde12ae').innerHTML += '<a ' + path + '\\'' + prefix + ':' + addy46d67b859afab8954282ed989dde12ae + '\\'>'+addy_text46d67b859afab8954282ed989dde12ae+'<\\\/a>';<br \/>\n\t\t<\/script><\/span><\/p>\n<h3>Ihre Betroffenenrechte<\/h3>\n<p>Unter den angegebenen Kontaktdaten unseres Datenschutzbeauftragten k\u00f6nnen Sie jederzeit folgende Rechte aus\u00fcben:<\/p>\n<ul>\n<li>Auskunft \u00fcber Ihre bei uns gespeicherten Daten und deren Verarbeitung,<\/li>\n<li>Berichtigung unrichtiger personenbezogener Daten,<\/li>\n<li>L\u00f6schung Ihrer bei uns gespeicherten Daten,<\/li>\n<li>Einschr\u00e4nkung der Datenverarbeitung, sofern wir Ihre Daten aufgrund gesetzlicher Pflichten noch nicht l\u00f6schen d\u00fcrfen,<\/li>\n<li>Widerspruch gegen die Verarbeitung Ihrer Daten bei uns und<\/li>\n<li>Daten\u00fcbertragbarkeit, sofern Sie in die Datenverarbeitung eingewilligt haben oder einen Vertrag mit uns abgeschlossen haben.<\/li>\n<\/ul>\n<p>Sofern Sie uns eine Einwilligung erteilt haben, k\u00f6nnen Sie diese jederzeit mit Wirkung f\u00fcr die Zukunft widerrufen.<\/p>\n<p>Sie k\u00f6nnen sich jederzeit mit einer Beschwerde an die f\u00fcr Sie zust\u00e4ndige Aufsichtsbeh\u00f6rde wenden. Ihre zust\u00e4ndige Aufsichtsbeh\u00f6rde richtet sich nach dem Bundesland Ihres Wohnsitzes, Ihrer Arbeit oder der mutma\u00dflichen Verletzung. Eine Liste der Aufsichtsbeh\u00f6rden (f\u00fcr den nicht\u00f6ffentlichen Bereich) mit Anschrift finden Sie unter: <a href=\"https:\/\/www.bfdi.bund.de\/DE\/Infothek\/Anschriften_Links\/anschriften_links-node.html\" target=\"_blank\" rel=\"noopener noreferrer\"><strong>https:\/\/www.bfdi.bund.de\/DE\/Infothek\/Anschriften_Links\/anschriften_links-node.html<\/strong><\/a>.<\/p>\n<h3>Zwecke der Datenverarbeitung durch die verantwortliche Stelle und Dritte<\/h3>\n<p>Wir verarbeiten Ihre personenbezogenen Daten nur zu den in dieser Datenschutzerkl\u00e4rung genannten Zwecken. Eine \u00dcbermittlung Ihrer pers\u00f6nlichen Daten an Dritte zu anderen als den genannten Zwecken findet nicht statt. Wir geben Ihre pers\u00f6nlichen Daten nur an Dritte weiter, wenn:<\/p>\n<ul>\n<li>Sie Ihre ausdr\u00fcckliche Einwilligung dazu erteilt haben,<\/li>\n<li>die Verarbeitung zur Abwicklung eines Vertrags mit Ihnen erforderlich ist,<\/li>\n<li>die Verarbeitung zur Erf\u00fcllung einer rechtlichen Verpflichtung erforderlich ist,<\/li>\n<\/ul>\n<p>die Verarbeitung zur Wahrung berechtigter Interessen erforderlich ist und kein Grund zur Annahme besteht, dass Sie ein \u00fcberwiegendes schutzw\u00fcrdiges Interesse an der Nichtweitergabe Ihrer Daten haben.<\/p>\n<h3>L\u00f6schung bzw. Sperrung der Daten<\/h3>\n<p>Wir halten uns an die Grunds\u00e4tze der Datenvermeidung und Datensparsamkeit. Wir speichern Ihre personenbezogenen Daten daher nur so lange, wie dies zur Erreichung der hier genannten Zwecke erforderlich ist oder wie es die vom Gesetzgeber vorgesehenen vielf\u00e4ltigen Speicherfristen vorsehen. Nach Fortfall des jeweiligen Zweckes bzw. Ablauf dieser Fristen werden die entsprechenden Daten routinem\u00e4\u00dfig und entsprechend den gesetzlichen Vorschriften gesperrt oder gel\u00f6scht.<\/p>\n<h3>Erfassung allgemeiner Informationen beim Besuch unserer Website<\/h3>\n<p>Wenn Sie auf unsere Website zugreifen, werden automatisch mittels eines Cookies Informationen allgemeiner Natur erfasst. Diese Informationen (Server-Logfiles) beinhalten etwa die Art des Webbrowsers, das verwendete Betriebssystem, den Domainnamen Ihres Internet-Service-Providers und \u00e4hnliches. Hierbei handelt es sich ausschlie\u00dflich um Informationen, welche keine R\u00fcckschl\u00fcsse auf Ihre Person zulassen.<\/p>\n<p>Diese Informationen sind technisch notwendig, um von Ihnen angeforderte Inhalte von Webseiten korrekt auszuliefern und fallen bei Nutzung des Internets zwingend an. Sie werden insbesondere zu folgenden Zwecken verarbeitet:<\/p>\n<ul>\n<li>Sicherstellung eines problemlosen Verbindungsaufbaus der Website,<\/li>\n<li>Sicherstellung einer reibungslosen Nutzung unserer Website,<\/li>\n<li>Auswertung der Systemsicherheit und -stabilit\u00e4t sowie<\/li>\n<li>zu weiteren administrativen Zwecken.<\/li>\n<\/ul>\n<p>Folgende Daten werden von Ihnen erfasst:<\/p>\n<ul>\n<li>der Name der Internetseite, von der sie aus unsere Seite aufgerufen haben (Referrer URL)<\/li>\n<li>die Seite, die Sie auf unserer Internetpr\u00e4senz besuchen<\/li>\n<li>ihr verwendetes Betriebssystem<\/li>\n<li>Datum und Uhrzeit der Anfrage<\/li>\n<li>Beschreibung des Typs des Webbrowsers mit Browserversion<\/li>\n<li>Internet Protokoll (IP)-Adresse des anfragenden Rechners<\/li>\n<\/ul>\n<p>Die Verarbeitung Ihrer personenbezogenen Daten basiert auf unserem berechtigten Interesse aus den vorgenannten Zwecken zur Datenerhebung. Wir verwenden Ihre Daten nicht, um R\u00fcckschl\u00fcsse auf Ihre Person zu ziehen. Empf\u00e4nger der Daten sind nur die verantwortliche Stelle und ggf. Auftragsverarbeiter.<\/p>\n<p>Anonyme Informationen dieser Art werden von uns ggfs. statistisch ausgewertet, um unseren Internetauftritt und die dahinterstehende Technik zu optimieren.<\/p>\n<p>Die genannten personenbezogenen Daten (Server-Logfiles) werden sp\u00e4testens nach 30 Tagen gel\u00f6scht.<\/p>\n<h3>Erbringung kostenpflichtiger Leistungen<\/h3>\n<p>Zur Erbringung kostenpflichtiger Leistungen werden von uns zus\u00e4tzliche Daten erfragt, wie z.B. Zahlungsangaben, um Ihre Bestellung ausf\u00fchren zu k\u00f6nnen. Wir speichern diese Daten in unseren Systemen bis die gesetzlichen Aufbewahrungsfristen abgelaufen sind.<\/p>\n<h3>SSL-Verschl\u00fcsselung<\/h3>\n<p>Um die Sicherheit Ihrer Daten bei der \u00dcbertragung zu sch\u00fctzen, verwenden wir dem aktuellen Stand der Technik entsprechende Verschl\u00fcsselungsverfahren (z. B. SSL) \u00fcber HTTPS.<\/p>\n<h3>Cookies<\/h3>\n<p>Zur Verwaltung der eingesetzten Cookies und \u00e4hnlichen Technologien (Tracking-Pixel, Web-Beacons etc.) und diesbez\u00fcglicher Einwilligungen setzen wir das Consent Tool &#8222;Real Cookie Banner&#8220; ein. Details zur Funktionsweise von &#8222;Real Cookie Banner&#8220; findest du unter <a href=\"https:\/\/devowl.io\/de\/rcb\/datenverarbeitung\/\" target=\"_blank\" rel=\"noopener noreferrer\"><strong>https:\/\/devowl.io\/de\/rcb\/datenverarbeitung\/<\/strong><\/a>.<\/p>\n<p>Rechtsgrundlagen f\u00fcr die Verarbeitung von personenbezogenen Daten in diesem Zusammenhang sind Art. 6 Abs. 1 lit. c DS-GVO und Art. 6 Abs. 1 lit. f DS-GVO. Unser berechtigtes Interesse ist die Verwaltung der eingesetzten Cookies und \u00e4hnlichen Technologien und der diesbez\u00fcglichen Einwilligungen.<\/p>\n<p>Die Bereitstellung der personenbezogenen Daten ist weder vertraglich vorgeschrieben noch f\u00fcr den Abschluss eines Vertrages notwendig. Du bist nicht verpflichtet die personenbezogenen Daten bereitzustellen. Wenn du die personenbezogenen Daten nicht bereitstellst, k\u00f6nnen wir deine Einwilligungen nicht verwalten.<\/p>\n<h3>Kontaktformular<\/h3>\n<p>Treten Sie bzgl. Fragen jeglicher Art per E-Mail oder Kontaktformular mit uns in Kontakt, erteilen Sie uns zum Zwecke der Kontaktaufnahme Ihre freiwillige Einwilligung. Hierf\u00fcr ist die Angabe einer validen E-Mail-Adresse erforderlich. Diese dient der Zuordnung der Anfrage und der anschlie\u00dfenden Beantwortung derselben. Die Angabe weiterer Daten ist optional. Die von Ihnen gemachten Angaben werden zum Zwecke der Bearbeitung der Anfrage sowie f\u00fcr m\u00f6gliche Anschlussfragen gespeichert. Nach Erledigung der von Ihnen gestellten Anfrage werden personenbezogene Daten automatisch gel\u00f6scht.<\/p>\n<h3>\u00c4nderung unserer Datenschutzbestimmungen<\/h3>\n<p>Wir behalten uns vor, diese Datenschutzerkl\u00e4rung anzupassen, damit sie stets den aktuellen rechtlichen Anforderungen entspricht oder um \u00c4nderungen unserer Leistungen in der Datenschutzerkl\u00e4rung umzusetzen, z.B. bei der Einf\u00fchrung neuer Services. F\u00fcr Ihren erneuten Besuch gilt dann die neue Datenschutzerkl\u00e4rung.<\/p>\n<h3>Privatsph\u00e4re-Einstellungen \u00e4ndern<\/h3>\n<p>Die Privatsph\u00e4re Einstellung k\u00f6nnen Sie <a href=\"https:\/\/www.preiswertplotten.de\/#consent-change\">hier<\/a> \u00e4ndern.<\/p>\n<h3>Historie der Privatsph\u00e4re-Einstellungen<\/h3>\n<p>Die Historie der Privatsph\u00e4re-Einstellungen k\u00f6nnen Sie <a href=\"https:\/\/www.preiswertplotten.de\/#consent-history\">hier<\/a> \u00e4ndern.<\/p>\n<h3>Einwilligungen widerrufen<\/h3>\n<p>Die Einwilligung k\u00f6nnen Sie <a href=\"https:\/\/www.preiswertplotten.de\/#consent-revoke\">hier<\/a> \u00e4ndern.<\/p>\n<h3><\/h3>\n<h3>Fragen an den Datenschutzbeauftragten<\/h3>\n<p>Wenn Sie Fragen zum Datenschutz haben, schreiben Sie uns bitte eine E-Mail oder wenden Sie sich direkt an die f\u00fcr den Datenschutz verantwortliche Person in unserer Organisation:<\/p>\n<p>Stefan Schramm<\/p>\n<p>Telefon: (03 41) 14 99 04 46<br \/>\nTelefax: (03 41) 14 99 04 47<br \/>\nE-Mail: <span id=\"cloake2df96d4ab63fce4037197cc8d9d9005\"><span id=\"cloak88b69bda05adc963d2baf3f0cfe0b67c\"><a href=\"mailto:info@preiswertplotten.de\"><strong>info@preiswertplotten.de<\/strong><\/a><\/span><script type=\"text\/javascript\"><br \/>\n\t\t\t\tdocument.getElementById('cloak88b69bda05adc963d2baf3f0cfe0b67c').innerHTML = '';<br \/>\n\t\t\t\tvar prefix = '&#109;a' + 'i&#108;' + '&#116;o';<br \/>\n\t\t\t\tvar path = 'hr' + 'ef' + '=';<br \/>\n\t\t\t\tvar addy88b69bda05adc963d2baf3f0cfe0b67c = '&#105;nf&#111;' + '&#64;';<br \/>\n\t\t\t\taddy88b69bda05adc963d2baf3f0cfe0b67c = addy88b69bda05adc963d2baf3f0cfe0b67c + 'pr&#101;&#105;sw&#101;rtpl&#111;tt&#101;n' + '&#46;' + 'd&#101;';<br \/>\n\t\t\t\tvar addy_text88b69bda05adc963d2baf3f0cfe0b67c = '&#105;nf&#111;' + '&#64;' + 'pr&#101;&#105;sw&#101;rtpl&#111;tt&#101;n' + '&#46;' + 'd&#101;';document.getElementById('cloak88b69bda05adc963d2baf3f0cfe0b67c').innerHTML += '<a ' + path + '\\'' + prefix + ':' + addy88b69bda05adc963d2baf3f0cfe0b67c + '\\'>'+addy_text88b69bda05adc963d2baf3f0cfe0b67c+'<\\\/a>';<br \/>\n\t\t<\/script><\/span><\/p>\n<p><em>Die Datenschutzerkl\u00e4rung wurde mit dem <\/em><a href=\"https:\/\/www.activemind.de\/datenschutz\/datenschutzhinweis-generator\/\" target=\"_blank\" rel=\"noopener noreferrer\"><em><strong>Datenschutzerkl\u00e4rungs-Generator der activeMind AG erstellt<\/strong><\/em><\/a><em>.<\/em><\/p>\n","protected":false},"excerpt":{"rendered":"<p>Verantwortliche Stelle im Sinne der Datenschutzgesetze, insbesondere der EU-Datenschutzgrundverordnung (DSGVO), ist: Online-Plotdienst von ReproGraf Leipzig Riemannstr. 29 04107 Leipzig Deutschland Telefon: (03 41) 14 99 04 46 E-Mail: info@preiswertplotten.de Ihre Betroffenenrechte Unter den angegebenen Kontaktdaten unseres Datenschutzbeauftragten k\u00f6nnen Sie jederzeit folgende Rechte aus\u00fcben: Auskunft \u00fcber Ihre bei uns gespeicherten Daten und deren Verarbeitung, Berichtigung unrichtiger <a class=\"more-link\" href=\"https:\/\/www.preiswertplotten.de\/index.php\/datenschutzerklaerung\/\">weiterlesen&#8230;<\/a><\/p>\n","protected":false},"author":1,"featured_media":0,"parent":0,"menu_order":0,"comment_status":"closed","ping_status":"open","template":"","meta":{"footnotes":""},"class_list":["post-3","page","type-page","status-publish","hentry"],"_links":{"self":[{"href":"https:\/\/www.preiswertplotten.de\/index.php\/wp-json\/wp\/v2\/pages\/3","targetHints":{"allow":["GET"]}}],"collection":[{"href":"https:\/\/www.preiswertplotten.de\/index.php\/wp-json\/wp\/v2\/pages"}],"about":[{"href":"https:\/\/www.preiswertplotten.de\/index.php\/wp-json\/wp\/v2\/types\/page"}],"author":[{"embeddable":true,"href":"https:\/\/www.preiswertplotten.de\/index.php\/wp-json\/wp\/v2\/users\/1"}],"replies":[{"embeddable":true,"href":"https:\/\/www.preiswertplotten.de\/index.php\/wp-json\/wp\/v2\/comments?post=3"}],"version-history":[{"count":6,"href":"https:\/\/www.preiswertplotten.de\/index.php\/wp-json\/wp\/v2\/pages\/3\/revisions"}],"predecessor-version":[{"id":234,"href":"https:\/\/www.preiswertplotten.de\/index.php\/wp-json\/wp\/v2\/pages\/3\/revisions\/234"}],"wp:attachment":[{"href":"https:\/\/www.preiswertplotten.de\/index.php\/wp-json\/wp\/v2\/media?parent=3"}],"curies":[{"name":"wp","href":"https:\/\/api.w.org\/{rel}","templated":true}]}}